{"id":7,"date":"2012-12-25T12:43:26","date_gmt":"2012-12-25T10:43:26","guid":{"rendered":"https:\/\/www.porlammi.fi\/museot\/?page_id=7"},"modified":"2025-08-22T20:20:06","modified_gmt":"2025-08-22T18:20:06","slug":"tapahtumat","status":"publish","type":"page","link":"https:\/\/www.porlammi.fi\/museot\/?page_id=7","title":{"rendered":"Tapahtumat"},"content":{"rendered":"\n<h2 class=\"wp-block-heading\"><strong>TERVETULOA<\/strong> <strong>PORLAMMIN KOTISEUTUMUSEON 82-VUOTISJUHLAAN<\/strong> <strong>perjantaina 5.9.2025 klo 18 alkaen!<\/strong>   <\/h2>\n\n\n\n<p>Juhlaa vietet\u00e4\u00e4n venetsialaisteemalla tulen ja valon tunnelmissa kotiseutumuseon alueella (Kievarintie 27, 07820 Porlammi). Illan aikana on mahdollisuus tutustua sek\u00e4 Makasiinin alueen museoihin ett\u00e4 viett\u00e4\u00e4 alkusyksyn iltaa musiikin parissa yst\u00e4vien ja tuttavien seurassa! Myyd\u00e4\u00e4n muurinpohjalettuja ja grillimakkaraa \u2013 k\u00e4teinen ja kortti k\u00e4yv\u00e4t. Nokipannukahvit palan paineeksi. Valokuvaesitys, mink\u00e4 lis\u00e4ksi voi tutustua Porvoon museon\u00a0 n\u00e4yttelyyn <em>\u201dRohkea, luotettava ja ahkera \u2013 hevonen it\u00e4isell\u00e4 Uudellamaalla\u201d<\/em><\/p>\n\n\n\n<p>==============================================================<\/p>\n\n\n<p><strong>Perjantaina 2.5.2025 klo 9:00 on \u00a0kotiseutumuseon TALKOOT <\/strong><\/p>\n<p>Siivotaan, haravoidaan ja poistetaan aluskasvillisuutta, ty\u00f6skennell\u00e4\u00e4n sis\u00e4ll\u00e4 ja ulkona. Tapaamme Makasiinilla. Omat haravat tai muut ty\u00f6kalut (vesurit, sahat, vasarat) mukaan. P\u00f6lynimuri on museon puolesta.<strong> <em>Kaikki museoasioista kiinnostuneet tervetulleita. Ty\u00f6t tehty\u00e4 paistetaan nuotiolla \u00a0makkaraa ja nautitaan palan painikkeeksi kahvia, teet\u00e4 ja muita virvokkeita. \u00a0 <\/em><\/strong><\/p>\n<p>===================================================================<\/p>\n<h3>Hilda K\u00e4kikosken koulun IV luokka k\u00e4vi ke. 14.5.2025 opettajansa Matti Pirisen johdolla tutustumassa Makasiiniin ja Koulumuseoon, jossa oppilaille pidettiin &#8221;Wanhan Ajan&#8221; koulutunti.<\/h3>\n<p>===================================================================<\/p>\n<h3><strong>Tiistaina 15.4.2025 klo 9:00 on \u00a0kotiseutumuseon TAAPELITALKOOT eli Makasiinin alueelta aiemmin kaadetusta puista kentt\u00e4sirkkelill\u00e4 sahattut laudat pintaan taapeliksi.\u00a0<\/strong><\/h3>\n<h3>=====================================================<\/h3>\n<h3><strong>Keskiviikkona 12.3.2025 pidettiin kotiseutumuseon puunkaatotalkoot Makasiinin alueella olevien pystyyn kuolleiden ja kuolevien puiden poistamiseksi.\u00a0<\/strong><\/h3>\n<h3><a href=\"https:\/\/www.porlammi.fi\/museot\/wp-content\/uploads\/2025\/06\/250312-Museo-Puun-kaato_3-scaled.jpg\"><img loading=\"lazy\" decoding=\"async\" class=\"alignnone size-medium wp-image-768\" src=\"https:\/\/www.porlammi.fi\/museot\/wp-content\/uploads\/2025\/06\/250312-Museo-Puun-kaato_3-300x225.jpg\" alt=\"\" width=\"300\" height=\"225\" srcset=\"https:\/\/www.porlammi.fi\/museot\/wp-content\/uploads\/2025\/06\/250312-Museo-Puun-kaato_3-300x225.jpg 300w, https:\/\/www.porlammi.fi\/museot\/wp-content\/uploads\/2025\/06\/250312-Museo-Puun-kaato_3-1024x768.jpg 1024w, https:\/\/www.porlammi.fi\/museot\/wp-content\/uploads\/2025\/06\/250312-Museo-Puun-kaato_3-768x576.jpg 768w, https:\/\/www.porlammi.fi\/museot\/wp-content\/uploads\/2025\/06\/250312-Museo-Puun-kaato_3-1536x1152.jpg 1536w, https:\/\/www.porlammi.fi\/museot\/wp-content\/uploads\/2025\/06\/250312-Museo-Puun-kaato_3-2048x1536.jpg 2048w\" sizes=\"auto, (max-width: 300px) 100vw, 300px\" \/><\/a> <a href=\"https:\/\/www.porlammi.fi\/museot\/wp-content\/uploads\/2025\/06\/250312-Museo-Puun-kaato_2-scaled.jpg\"><img loading=\"lazy\" decoding=\"async\" class=\"alignnone size-medium wp-image-767\" src=\"https:\/\/www.porlammi.fi\/museot\/wp-content\/uploads\/2025\/06\/250312-Museo-Puun-kaato_2-300x225.jpg\" alt=\"\" width=\"300\" height=\"225\" srcset=\"https:\/\/www.porlammi.fi\/museot\/wp-content\/uploads\/2025\/06\/250312-Museo-Puun-kaato_2-300x225.jpg 300w, https:\/\/www.porlammi.fi\/museot\/wp-content\/uploads\/2025\/06\/250312-Museo-Puun-kaato_2-1024x768.jpg 1024w, https:\/\/www.porlammi.fi\/museot\/wp-content\/uploads\/2025\/06\/250312-Museo-Puun-kaato_2-768x576.jpg 768w, https:\/\/www.porlammi.fi\/museot\/wp-content\/uploads\/2025\/06\/250312-Museo-Puun-kaato_2-1536x1152.jpg 1536w, https:\/\/www.porlammi.fi\/museot\/wp-content\/uploads\/2025\/06\/250312-Museo-Puun-kaato_2-2048x1536.jpg 2048w\" sizes=\"auto, (max-width: 300px) 100vw, 300px\" \/><\/a> <a href=\"https:\/\/www.porlammi.fi\/museot\/wp-content\/uploads\/2025\/06\/250312-Museo-Puun-kaato_1-scaled.jpg\"><img loading=\"lazy\" decoding=\"async\" class=\"alignnone size-medium wp-image-766\" src=\"https:\/\/www.porlammi.fi\/museot\/wp-content\/uploads\/2025\/06\/250312-Museo-Puun-kaato_1-225x300.jpg\" alt=\"\" width=\"225\" height=\"300\" srcset=\"https:\/\/www.porlammi.fi\/museot\/wp-content\/uploads\/2025\/06\/250312-Museo-Puun-kaato_1-225x300.jpg 225w, https:\/\/www.porlammi.fi\/museot\/wp-content\/uploads\/2025\/06\/250312-Museo-Puun-kaato_1-768x1024.jpg 768w, https:\/\/www.porlammi.fi\/museot\/wp-content\/uploads\/2025\/06\/250312-Museo-Puun-kaato_1-1152x1536.jpg 1152w, https:\/\/www.porlammi.fi\/museot\/wp-content\/uploads\/2025\/06\/250312-Museo-Puun-kaato_1-1536x2048.jpg 1536w, https:\/\/www.porlammi.fi\/museot\/wp-content\/uploads\/2025\/06\/250312-Museo-Puun-kaato_1-scaled.jpg 1920w\" sizes=\"auto, (max-width: 225px) 100vw, 225px\" \/><\/a><\/h3>\n<h3>==============================================<\/h3>\n<p><span style=\"color: #000000;\"><strong>Perjantaina 5.5.2023 klo 9:00 on \u00a0kotiseutumuseon TALKOOT <\/strong><\/span><\/p>\n<p>Siivotaan, haravoidaan ja poistetaan aluskasvillisuutta, ty\u00f6skennell\u00e4\u00e4n sis\u00e4ll\u00e4 ja ulkona. Tapaamme Makasiinilla. Omat haravat tai muut ty\u00f6kalut (vesurit, sahat, vasarat) mukaan. P\u00f6lynimuri on museon puolesta.<strong> <em>Kaikki museoasioista kiinnostuneet tervetulleita. Ty\u00f6t tehty\u00e4 paistetaan nuotiolla \u00a0makkaraa. \u00a0 <\/em><\/strong><\/p>\n<h3><span style=\"text-decoration: underline; color: #000000;\">Hilda K\u00e4kikosken koulun IV luokka k\u00e4vi ma. 15.5.2023 tutustumassa museoon opettajansa Essi Rantap\u00e4\u00e4n johdolla.<\/span><\/h3>\n<h3><span style=\"text-decoration: underline; color: #000000;\">Laukkun\u00e4yttely pidettiin Lapinj\u00e4rven P\u00e4\u00e4kirjastossa 2020<\/span><\/h3>\n<p><span style=\"color: #000000;\"><strong><span style=\"text-decoration: underline;\">Vanhojen valokuvien n\u00e4yttely pidettiin Koulumuseolla elokuussa 2020 ja se saavutti huomattavan suosion; per\u00e4ti 88 k\u00e4vij\u00e4\u00e4 tutustui valokuviin. <\/span><\/strong><\/span><\/p>\n<p><span style=\"color: #000000;\">Valokuvan kuvaaminen ja esitt\u00e4minen ovat muuttuneet valtavasti viime vuosikymmenten aikana. Nykyp\u00e4iv\u00e4n\u00e4 jokainen lapsikin voi ottaa kymmeni\u00e4, jopa satoja kuvia digikameralla tai yh\u00e4 useammin my\u00f6s k\u00e4nnyk\u00e4ll\u00e4. Kuvia voi ottaa, poistaa ja muokata \u2013 sen kummemmin miettim\u00e4tt\u00e4 tai suunnittelematta. Sata vuotta sitten jokainen kuva oli pitk\u00e4n sommittelun ja harkinnan tulos. Kuvaa varten laittauduttiin ja poseerattiin hyvinkin tarkasti. Valokuva oli aarre, jota esiteltiin muille ylpeydell\u00e4 ja s\u00e4ilytettiin huolellisesti. Nykyp\u00e4iv\u00e4n\u00e4 kuvat ovat yh\u00e4 useammin vain bittej\u00e4 muistikortilla tai tietokoneen kovalevyill\u00e4 eik\u00e4 kuvia useinkaan en\u00e4\u00e4 s\u00e4ilytet\u00e4 paperilla albumissa. <\/span><\/p>\n<p><span style=\"color: #000000;\">Porlammin kotiseutumuseolla on laaja kokoelma lasinegatiiveja, repronegatiiveja, diapositiiveja, postikorttikuvia ja muita valokuvia. Osittain valokuvat ovat samoja, mutta eri muodoissa.\u00a0 Kokoelman helmen muodostavat 780 lasinegatiivia, jotka Juho Pessala kuvasi 1910-luvun alusta l\u00e4hes kuolemaansa asti vuoteen 1955. M\u00e4\u00e4r\u00e4 on vain pieni osa siit\u00e4 m\u00e4\u00e4r\u00e4st\u00e4, jonka Juho Pessala aikoinaan kuvasi. Suurin osa negatiiveista on tuhoutunut Pessalan ty\u00f6tilan katon romahtaessa. Suuren ja arvokkaan ty\u00f6n teki Kalle Sistola, jonka ansiosta osa lasinegatiiveista saatiin pelastettua museolle ty\u00f6tilan raunioista.<\/span><\/p>\n<p><span style=\"color: #000000;\">Lis\u00e4lahjoituksena saatiin v. 2010 Juhon tytt\u00e4ren miehelt\u00e4 40 lasinegatiivia. Museo on my\u00f6s onnistunut kokoamaan kyl\u00e4l\u00e4isilt\u00e4 paljon postikorttikokoisia positiivikuvia tuhoutuneista negatiiveista. Lasinegatiivien lis\u00e4ksi museon kokoelmassa on satoja muita Porlammilta otettuja ja lahjoituksena saatuja valokuvia ja negatiiveja. Valokuvien ja negatiivien arvo on onneksi ymm\u00e4rretty ajoissa ja niit\u00e4 on alettu systemaattisesti siirt\u00e4\u00e4 s\u00e4hk\u00f6iseen muotoon. Valokuvien lajitteluun, digitalisointiin sek\u00e4 arkistointiin on k\u00e4ytetty satoja vapaaehtoisten ty\u00f6tunteja.<\/span><\/p>\n<p><span style=\"color: #000000;\"> Valokuvakokoelma on katsottu niin arvokkaaksi, ett\u00e4 Museovirasto on my\u00f6nt\u00e4nyt sen digitalisointiin rahoitusta yhteens\u00e4 n. 7 000 euroa. Rahoituksen turviin ty\u00f6h\u00f6n on voitu palkata oma ty\u00f6ntekij\u00e4 kahtena viime kes\u00e4n\u00e4.\u00a0\u00a0 Museovirasto on my\u00f6s opastanut vanhojen valokuvien ja negatiivien oikeaoppiseen digitalisointiin. Jokaisesta kuvasta on olemassa alkuper\u00e4inen raakakopio, mutta my\u00f6s hieman siistimpi versio, jossa pahimpia naarmuja ja roskia on poistettu.\u00a0 Jokainen digitalisoitu kuva on luokiteltava ja siihen on liitett\u00e4v\u00e4 tarvittavat asiasanat, jotta kuvakokoelman hallinnointi olisi helpompaa. T\u00e4m\u00e4 ty\u00f6 on viel\u00e4 kesken, mutta se jatkuu vapaaehtoisten voimin. N\u00e4iden kuvien avulla Porlammilaisten ja siin\u00e4 sivussa my\u00f6s naapurikylien ja \u2013kuntien historiaa on voitu siirt\u00e4\u00e4 digitaaliseen muotoon jo n. 3 000 kuvan verran. Ty\u00f6n tuloksena museolla onkin kattava kuvaus suomalaisesta el\u00e4m\u00e4st\u00e4 viime vuosisadalta.<\/span><strong><span style=\"text-decoration: underline;\"><span style=\"color: #0000ff; text-decoration: underline;\"><br \/><\/span><\/span><\/strong><\/p>\n<figure id=\"attachment_504\" aria-describedby=\"caption-attachment-504\" style=\"width: 300px\" class=\"wp-caption aligncenter\"><a href=\"https:\/\/www.porlammi.fi\/museot\/wp-content\/uploads\/2015\/07\/3135.jpg\"><img loading=\"lazy\" decoding=\"async\" class=\"size-medium wp-image-504\" src=\"https:\/\/www.porlammi.fi\/museot\/wp-content\/uploads\/2015\/07\/3135-300x225.jpg\" alt=\"Miehi\u00e4 lautataapeleitten p\u00e4\u00e4ll\u00e4\" width=\"300\" height=\"225\" srcset=\"https:\/\/www.porlammi.fi\/museot\/wp-content\/uploads\/2015\/07\/3135-300x225.jpg 300w, https:\/\/www.porlammi.fi\/museot\/wp-content\/uploads\/2015\/07\/3135-1024x769.jpg 1024w, https:\/\/www.porlammi.fi\/museot\/wp-content\/uploads\/2015\/07\/3135-399x300.jpg 399w, https:\/\/www.porlammi.fi\/museot\/wp-content\/uploads\/2015\/07\/3135.jpg 1285w\" sizes=\"auto, (max-width: 300px) 100vw, 300px\" \/><\/a><figcaption id=\"caption-attachment-504\" class=\"wp-caption-text\">Miehi\u00e4 lautataapeleitten p\u00e4\u00e4ll\u00e4<\/figcaption><\/figure>\n<p><strong>TAPAHTUI 70V SITTEN&#8230;<\/strong><\/p>\n<figure id=\"attachment_283\" aria-describedby=\"caption-attachment-283\" style=\"width: 584px\" class=\"wp-caption aligncenter\"><a href=\"https:\/\/www.porlammi.fi\/museot\/wp-content\/uploads\/2012\/12\/Museon-vihkiminen-1943_7_25.jpg\"><img loading=\"lazy\" decoding=\"async\" class=\"size-large wp-image-283\" src=\"https:\/\/www.porlammi.fi\/museot\/wp-content\/uploads\/2012\/12\/Museon-vihkiminen-1943_7_25-1024x637.jpg\" alt=\"Loviisan Sanomissa oli n. puolen sivun juttu, mutta t\u00e4sss\u00e4 vain otsake\" width=\"584\" height=\"363\" srcset=\"https:\/\/www.porlammi.fi\/museot\/wp-content\/uploads\/2012\/12\/Museon-vihkiminen-1943_7_25-1024x637.jpg 1024w, https:\/\/www.porlammi.fi\/museot\/wp-content\/uploads\/2012\/12\/Museon-vihkiminen-1943_7_25-300x186.jpg 300w, https:\/\/www.porlammi.fi\/museot\/wp-content\/uploads\/2012\/12\/Museon-vihkiminen-1943_7_25-482x300.jpg 482w, https:\/\/www.porlammi.fi\/museot\/wp-content\/uploads\/2012\/12\/Museon-vihkiminen-1943_7_25.jpg 1591w\" sizes=\"auto, (max-width: 584px) 100vw, 584px\" \/><\/a><figcaption id=\"caption-attachment-283\" class=\"wp-caption-text\">Loviisan Sanomissa oli n. puolen sivun juttu, mutta t\u00e4sss\u00e4 vain otsake<\/figcaption><\/figure>\n<p>Museomme vihittiin k\u00e4ytt\u00f6\u00f6n 25.7.1943. Samana p\u00e4iv\u00e4n\u00e4 oli kaksi eri juhlaa, p\u00e4iv\u00e4juhla ja iltajuhla.Juhlat oli t\u00e4ke\u00e4 osa kaikkea toimintaa. Loviisan sanomissa kerrotiin laveasti juhlien ohjemasta, museon tarkoitusper\u00e4st\u00e4 ja hankinnoista.<\/p>\n<p>Museo oli rakennettu Soihtulan yl\u00e4kerran toiseen huoneeseen, jota oli k\u00e4ytety l\u00e4hinn\u00e4 pieniin kokoontumisiin.<\/p>\n<p>Nyky\u00e4\u00e4n museollamme on 7 rakennusta ja koulumuseon tila, yli 2000 esinett\u00e4 ja n. 2500 digitoitua \u00a0 valokuvaa, \u00a0ei niink\u00e4\u00e4n juhlia, mutta tapahtumia ja n\u00e4yttelyit\u00e4 on riitt\u00e4nyt.<\/p>\n<p>Tapahtumista voi kysy\u00e4 lis\u00e4\u00e4 osoitteesta <a href=\"mailto:museo@porlammi.fi\">museo@porlammi.fi<\/a><\/p>\n\n\n<p><\/p>\n","protected":false},"excerpt":{"rendered":"<p>TERVETULOA PORLAMMIN KOTISEUTUMUSEON 82-VUOTISJUHLAAN perjantaina 5.9.2025 klo 18 alkaen! Juhlaa vietet\u00e4\u00e4n venetsialaisteemalla tulen ja valon tunnelmissa kotiseutumuseon alueella (Kievarintie 27, 07820 Porlammi). Illan aikana on mahdollisuus tutustua sek\u00e4 Makasiinin alueen museoihin ett\u00e4 viett\u00e4\u00e4 alkusyksyn iltaa musiikin parissa yst\u00e4vien ja tuttavien seurassa! Myyd\u00e4\u00e4n muurinpohjalettuja ja grillimakkaraa \u2013 k\u00e4teinen ja kortti k\u00e4yv\u00e4t. Nokipannukahvit palan paineeksi. Valokuvaesitys, mink\u00e4 &hellip; <\/p>\n<p class=\"link-more\"><a href=\"https:\/\/www.porlammi.fi\/museot\/?page_id=7\" class=\"more-link\">Read the full post &rarr;<span class=\"screen-reader-text\">&#8221;Tapahtumat&#8221;<\/span><\/a><\/p>\n","protected":false},"author":1,"featured_media":0,"parent":0,"menu_order":0,"comment_status":"closed","ping_status":"open","template":"","meta":{"footnotes":""},"class_list":["post-7","page","type-page","status-publish","hentry"],"_links":{"self":[{"href":"https:\/\/www.porlammi.fi\/museot\/index.php?rest_route=\/wp\/v2\/pages\/7","targetHints":{"allow":["GET"]}}],"collection":[{"href":"https:\/\/www.porlammi.fi\/museot\/index.php?rest_route=\/wp\/v2\/pages"}],"about":[{"href":"https:\/\/www.porlammi.fi\/museot\/index.php?rest_route=\/wp\/v2\/types\/page"}],"author":[{"embeddable":true,"href":"https:\/\/www.porlammi.fi\/museot\/index.php?rest_route=\/wp\/v2\/users\/1"}],"replies":[{"embeddable":true,"href":"https:\/\/www.porlammi.fi\/museot\/index.php?rest_route=%2Fwp%2Fv2%2Fcomments&post=7"}],"version-history":[{"count":36,"href":"https:\/\/www.porlammi.fi\/museot\/index.php?rest_route=\/wp\/v2\/pages\/7\/revisions"}],"predecessor-version":[{"id":774,"href":"https:\/\/www.porlammi.fi\/museot\/index.php?rest_route=\/wp\/v2\/pages\/7\/revisions\/774"}],"wp:attachment":[{"href":"https:\/\/www.porlammi.fi\/museot\/index.php?rest_route=%2Fwp%2Fv2%2Fmedia&parent=7"}],"curies":[{"name":"wp","href":"https:\/\/api.w.org\/{rel}","templated":true}]}}