{"id":18,"date":"2019-05-13T14:19:46","date_gmt":"2019-05-13T12:19:46","guid":{"rendered":"https:\/\/www.porlammi.fi\/museot\/?page_id=18"},"modified":"2025-08-22T20:24:48","modified_gmt":"2025-08-22T18:24:48","slug":"etusivu","status":"publish","type":"page","link":"https:\/\/www.porlammi.fi\/museot\/","title":{"rendered":"Etusivu"},"content":{"rendered":"\n<h2 class=\"wp-block-heading\"><strong>TERVETULOA<\/strong> <strong>PORLAMMIN KOTISEUTUMUSEON 82-VUOTISJUHLAAN<\/strong> <strong>perjantaina 5.9.2025 klo 18 alkaen!<\/strong><\/h2>\n\n\n\n<p>Juhlaa vietet\u00e4\u00e4n venetsialaisteemalla tulen ja valon tunnelmissa kotiseutumuseon alueella (Kievarintie 27, 07820 Porlammi). Illan aikana on mahdollisuus tutustua sek\u00e4 Makasiinin alueen museoihin ett\u00e4 viett\u00e4\u00e4 alkusyksyn iltaa musiikin parissa yst\u00e4vien ja tuttavien seurassa! Myyd\u00e4\u00e4n muurinpohjalettuja ja grillimakkaraa \u2013 k\u00e4teinen ja kortti k\u00e4yv\u00e4t. Nokipannukahvit palan paineeksi. Valokuvaesitys, mink\u00e4 lis\u00e4ksi voi tutustua Porvoon museon&nbsp; n\u00e4yttelyyn <em>\u201dRohkea, luotettava ja ahkera \u2013 hevonen it\u00e4isell\u00e4 Uudellamaalla\u201d<\/em><\/p>\n\n\n\n<p>=================================================================<\/p>\n\n\n<p><strong>Porlammin kotiseutumuseon kes\u00e4 2025<\/strong><\/p>\n<ol>\n<li><strong> Makasiinin <\/strong>alue, Kievarintie 27, 07820 Lapinj\u00e4rvi &#8211; (yhteens\u00e4 4 rakennusta) makasiini, paja, autotalli ja vaja<\/li>\n<li><strong> Sir\u00e9nin talomuseon<\/strong>, K\u00e4kikoskentie 151, 07820 Lapinj\u00e4rvi &#8211; (asuinrakennus ja kaksi aittaa)<\/li>\n<li><strong> Porlammin koulumuseo, <\/strong>Kievarintie 2, 07820 Lapinj\u00e4rvi &#8211; luokka vanhassa kansakoulussa.<\/li>\n<\/ol>\n<p><u><b>Museo on auki sunnuntaisin klo 13 \u2013 15 Juhannuksesta hein\u00e4kuun loppuun mutta vain <\/b><\/u><b>Makasiinin alueella <\/b>(Kievarintie 27, 07820 Lapinj\u00e4rvi)<b> on p\u00e4ivystys. Sir\u00e9nin talolla ja <\/b><b>Koulumuseossa ei ole p\u00e4ivystyst\u00e4, mutta niihin p\u00e4\u00e4see tutustumaan\u00a0 pyynn\u00f6st\u00e4.\u00a0<\/b><b>Lis\u00e4ksi Makasiinilla on n\u00e4ht\u00e4v\u00e4n\u00e4 <\/b><u><b>elokuussa 3.-24. sunnuntaisin klo 13-15 <\/b><\/u><b>n\u00e4yttely teemalla <\/b><b><i>\u201dRohkea, luotettava ja\u00a0<\/i><\/b><b><i>ahkera \u2013 hevonen It\u00e4-Uudellamaalla\u201d<\/i><\/b><\/p>\n<p><b>Kohteita n\u00e4ytet\u00e4\u00e4n my\u00f6s sopimuksen mukaan,<\/b><\/p>\n<p><b>Juha Kekki\u00a0 040-501 9285<\/b><\/p>\n<p><b><a href=\"http:\/\/www.porlammi.fi\/museot\">www.porlammi.fi\/museot<\/a><\/b><\/p>\n<p style=\"text-align: center;\"><strong>Makasiini<\/strong><\/p>\n<p><img loading=\"lazy\" decoding=\"async\" class=\"aligncenter  wp-image-511\" src=\"https:\/\/www.porlammi.fi\/museot\/wp-content\/uploads\/2012\/12\/IMG_7362-1024x768.jpg\" alt=\"\" width=\"640\" height=\"480\" srcset=\"https:\/\/www.porlammi.fi\/museot\/wp-content\/uploads\/2012\/12\/IMG_7362-1024x768.jpg 1024w, https:\/\/www.porlammi.fi\/museot\/wp-content\/uploads\/2012\/12\/IMG_7362-300x225.jpg 300w, https:\/\/www.porlammi.fi\/museot\/wp-content\/uploads\/2012\/12\/IMG_7362-400x300.jpg 400w\" sizes=\"auto, (max-width: 640px) 100vw, 640px\" \/><\/p>\n<p>&nbsp;<\/p>\n<p style=\"text-align: center;\"><strong>Sir\u00e9nin talomuseo<\/strong><\/p>\n<p><img loading=\"lazy\" decoding=\"async\" class=\"wp-image-515  aligncenter\" src=\"https:\/\/www.porlammi.fi\/museot\/wp-content\/uploads\/2012\/12\/Sirenin-talomuseo-1024x720.jpg\" alt=\"\" width=\"638\" height=\"448\" srcset=\"https:\/\/www.porlammi.fi\/museot\/wp-content\/uploads\/2012\/12\/Sirenin-talomuseo-1024x720.jpg 1024w, https:\/\/www.porlammi.fi\/museot\/wp-content\/uploads\/2012\/12\/Sirenin-talomuseo-300x211.jpg 300w, https:\/\/www.porlammi.fi\/museot\/wp-content\/uploads\/2012\/12\/Sirenin-talomuseo-427x300.jpg 427w\" sizes=\"auto, (max-width: 638px) 100vw, 638px\" \/><\/p>\n<p>&nbsp;<\/p>\n<p style=\"text-align: center;\"><strong>Koulumuseon AAPISN\u00c4YTTELYSS\u00c4 (<\/strong>Kievarintie 2.) on esill\u00e4 koulumuseon vanhoja aapisia n. sadan vuoden ajalta.<img loading=\"lazy\" decoding=\"async\" class=\"aligncenter  wp-image-577\" src=\"https:\/\/www.porlammi.fi\/museot\/wp-content\/uploads\/2018\/07\/koulumuseo-Lumialla-1024x576.jpg\" alt=\"\" width=\"639\" height=\"360\" srcset=\"https:\/\/www.porlammi.fi\/museot\/wp-content\/uploads\/2018\/07\/koulumuseo-Lumialla-1024x576.jpg 1024w, https:\/\/www.porlammi.fi\/museot\/wp-content\/uploads\/2018\/07\/koulumuseo-Lumialla-300x169.jpg 300w, https:\/\/www.porlammi.fi\/museot\/wp-content\/uploads\/2018\/07\/koulumuseo-Lumialla-768x432.jpg 768w, https:\/\/www.porlammi.fi\/museot\/wp-content\/uploads\/2018\/07\/koulumuseo-Lumialla-500x281.jpg 500w, https:\/\/www.porlammi.fi\/museot\/wp-content\/uploads\/2018\/07\/koulumuseo-Lumialla.jpg 1632w\" sizes=\"auto, (max-width: 639px) 100vw, 639px\" \/>Esineist\u00f6jemme ik\u00e4 on jokaisessa museokokonaisuudessa on 1800-luvun alkupuolelta\u00a0 1960-luvulle, \u00a0paitsi\u00a0\u00a0koulumuseo, jonka kokoelmat jatkuvat 1980-luvulle asti.<\/p>\n<p style=\"text-align: center;\">Kun Kartanon ja K\u00e4kikosken koulut lopetettiin 1990-luvun alussa, saatiin niist\u00e4 lis\u00e4materiaalia.<\/p>\n<p>Porlammin kotiseutumuseo,<br \/>c\/o Juha Kekki,<br \/>Valtak\u00e4yr\u00e4 3 A15, 11100 Riihim\u00e4ki<br \/>Puh. 040 501 9285<br \/>S\u00e4hk\u00f6posti:\u00a0<a href=\"mailto:museo@porlammi.fi\">museo@porlammi.fi<\/a><\/p>\n<p>Vuodesta 2010 l\u00e4htien\u00a0on museon kokoelmista skannattu yli 3200 valokuvaa s\u00e4hk\u00f6iseen muotoon. P\u00e4ivit\u00e4mme edelleen\u00a0valokuvien\u00a0taustatietoja.<\/p>\n<p>Jos sinulla on vanhoja valokuvia Porlammilta ja niihin liittyvi\u00e4 tietoja, ja haluaisit lahjoittaa niit\u00e4 museolle, otamme ne \u00a0mielell\u00e4mme vastaan. Voit soittaa kuvistasi puh. 050 401 7966 Mervi Vuorinen , tai ottaa yhteytt\u00e4 \u00a0museon osoitteeseen <a href=\"mailto:museo@porlammi.fi\" target=\"_blank\" rel=\"noopener noreferrer\">museo@porlammi.fi.<\/a><\/p>\n<hr \/>\n<p><strong><span style=\"text-decoration: underline;\">Museotoimikunta<\/span>: <\/strong>Erkki Aho, Esko R\u00f6yti\u00f6, Hannu Huvinen, Ilkka Leino, Juha Kekki, Kai Paavola, Marita Paavola, Marja Turpeinen, Mervi Vuorinen, Osmo F\u00e4rlin, Pirjo L\u00f6fqvist, Ulla Onnila<\/p>\n<p>____________________________________________________________<\/p>\n<p><strong><span style=\"text-decoration: underline;\">Porlammin kotiseutumuseo perustettiin 1.7.1943<\/span><\/strong>, jolloin Elli Marttila-Ahonen esitti Ns. Soihdun johtokunnankokouksessa, ett\u00e4 Porlammille perustettaisiin kotiseutumuseo. Esitys hyv\u00e4ksyttiin ja saman tien p\u00e4\u00e4tettiin, ett\u00e4 museon vihki\u00e4isjuhla pidet\u00e4\u00e4n 25.7. samana vuonna.<\/p>\n<figure id=\"attachment_202\" aria-describedby=\"caption-attachment-202\" style=\"width: 584px\" class=\"wp-caption aligncenter\"><a href=\"https:\/\/www.porlammi.fi\/museot\/wp-content\/uploads\/2012\/12\/369.jpg\"><img loading=\"lazy\" decoding=\"async\" class=\"size-large wp-image-202\" src=\"https:\/\/www.porlammi.fi\/museot\/wp-content\/uploads\/2012\/12\/369-1024x790.jpg\" alt=\"Ensimm\u00e4isen museomme esineist\u00f6\u00e4\" width=\"584\" height=\"450\" srcset=\"https:\/\/www.porlammi.fi\/museot\/wp-content\/uploads\/2012\/12\/369-1024x790.jpg 1024w, https:\/\/www.porlammi.fi\/museot\/wp-content\/uploads\/2012\/12\/369-300x231.jpg 300w, https:\/\/www.porlammi.fi\/museot\/wp-content\/uploads\/2012\/12\/369-388x300.jpg 388w\" sizes=\"auto, (max-width: 584px) 100vw, 584px\" \/><\/a><figcaption id=\"caption-attachment-202\" class=\"wp-caption-text\">Ensimm\u00e4isen museomme esineist\u00f6\u00e4<\/figcaption><\/figure>\n<p>Pohjaty\u00f6t\u00e4 oli kuitenkin tehty edellistalvena, jolloin oli pidetty opintokerhoa, jonka Ns. merkkisuorituksiin oli kuulunut kotiseutuker\u00e4ily\u00e4 (esineit\u00e4, puumerkkej\u00e4, kangasmalleja, valokuvia ym.) Nuorisoseuramerkit jaettiin V\u00e4\u00e4ksyss\u00e4, Etel\u00e4-H\u00e4meen Nuorisoseura Liiton Maakuntajuhlissa 18.\u201319.6.1943. Siell\u00e4 Porlammilaiset n\u00e4kiv\u00e4t kotiseututy\u00f6n n\u00e4yttelyn, joka oli varsinaisesti her\u00e4tteen antaja omalle museolle.<\/p>\n<p>Parissa viikossa ker\u00e4ttiin eri huoppien taloista tavaroita, jotka sitten j\u00e4rjestettiin Etel\u00e4suomalaisen osakunnan opastuksen turvin Soihtulan ullakolla olevaan ensimm\u00e4iseen n\u00e4yttelytilaan.<\/p>\n<p>&nbsp;<\/p>\n<figure id=\"attachment_200\" aria-describedby=\"caption-attachment-200\" style=\"width: 584px\" class=\"wp-caption aligncenter\"><a href=\"https:\/\/www.porlammi.fi\/museot\/wp-content\/uploads\/2012\/12\/368.jpg\"><img loading=\"lazy\" decoding=\"async\" class=\"size-large wp-image-200\" src=\"https:\/\/www.porlammi.fi\/museot\/wp-content\/uploads\/2012\/12\/368-1024x790.jpg\" alt=\"Soihtulan kerho- ja vahtimestarin huoneeseenrakennettiin ensimm\u00e4inen museon\u00e4yttelytila 1943\" width=\"584\" height=\"450\" srcset=\"https:\/\/www.porlammi.fi\/museot\/wp-content\/uploads\/2012\/12\/368-1024x790.jpg 1024w, https:\/\/www.porlammi.fi\/museot\/wp-content\/uploads\/2012\/12\/368-300x231.jpg 300w, https:\/\/www.porlammi.fi\/museot\/wp-content\/uploads\/2012\/12\/368-388x300.jpg 388w\" sizes=\"auto, (max-width: 584px) 100vw, 584px\" \/><\/a><figcaption id=\"caption-attachment-200\" class=\"wp-caption-text\">Soihtulan kerho- ja vahtimestarin huoneeseenrakennettiin ensimm\u00e4inen museon\u00e4yttelytila 1943<\/figcaption><\/figure>\n<p>&nbsp;<\/p>\n\n\n<p><strong>Oheisena on kotiseutumuseon esittely<\/strong> <strong>pdf-muodossa.<\/strong><\/p>\n\n\n\n<figure class=\"wp-block-image\"><a href=\"https:\/\/www.porlammi.fi\/museot\/wp-content\/uploads\/2023\/12\/Kotiseutumuseo-Esittely.pdf\" target=\"_blank\" rel=\"noreferrer noopener\"><img loading=\"lazy\" decoding=\"async\" width=\"300\" height=\"169\" src=\"https:\/\/www.porlammi.fi\/museot\/wp-content\/uploads\/2019\/04\/Kotiseutumuseo-Esittely-300x169.jpg\" alt=\"\" class=\"wp-image-601\" srcset=\"https:\/\/www.porlammi.fi\/museot\/wp-content\/uploads\/2019\/04\/Kotiseutumuseo-Esittely-300x169.jpg 300w, https:\/\/www.porlammi.fi\/museot\/wp-content\/uploads\/2019\/04\/Kotiseutumuseo-Esittely-768x432.jpg 768w, https:\/\/www.porlammi.fi\/museot\/wp-content\/uploads\/2019\/04\/Kotiseutumuseo-Esittely-1024x576.jpg 1024w, https:\/\/www.porlammi.fi\/museot\/wp-content\/uploads\/2019\/04\/Kotiseutumuseo-Esittely-500x281.jpg 500w, https:\/\/www.porlammi.fi\/museot\/wp-content\/uploads\/2019\/04\/Kotiseutumuseo-Esittely.jpg 1280w\" sizes=\"auto, (max-width: 300px) 100vw, 300px\" \/><\/a><\/figure>\n","protected":false},"excerpt":{"rendered":"<p>TERVETULOA PORLAMMIN KOTISEUTUMUSEON 82-VUOTISJUHLAAN perjantaina 5.9.2025 klo 18 alkaen! Juhlaa vietet\u00e4\u00e4n venetsialaisteemalla tulen ja valon tunnelmissa kotiseutumuseon alueella (Kievarintie 27, 07820 Porlammi). Illan aikana on mahdollisuus tutustua sek\u00e4 Makasiinin alueen museoihin ett\u00e4 viett\u00e4\u00e4 alkusyksyn iltaa musiikin parissa yst\u00e4vien ja tuttavien seurassa! Myyd\u00e4\u00e4n muurinpohjalettuja ja grillimakkaraa \u2013 k\u00e4teinen ja kortti k\u00e4yv\u00e4t. Nokipannukahvit palan paineeksi. Valokuvaesitys, mink\u00e4 &hellip; <\/p>\n<p class=\"link-more\"><a href=\"https:\/\/www.porlammi.fi\/museot\/\" class=\"more-link\">Read the full post &rarr;<span class=\"screen-reader-text\">&#8221;Etusivu&#8221;<\/span><\/a><\/p>\n","protected":false},"author":6,"featured_media":0,"parent":0,"menu_order":0,"comment_status":"closed","ping_status":"open","template":"sidebar-page.php","meta":{"footnotes":""},"class_list":["post-18","page","type-page","status-publish","hentry"],"_links":{"self":[{"href":"https:\/\/www.porlammi.fi\/museot\/index.php?rest_route=\/wp\/v2\/pages\/18","targetHints":{"allow":["GET"]}}],"collection":[{"href":"https:\/\/www.porlammi.fi\/museot\/index.php?rest_route=\/wp\/v2\/pages"}],"about":[{"href":"https:\/\/www.porlammi.fi\/museot\/index.php?rest_route=\/wp\/v2\/types\/page"}],"author":[{"embeddable":true,"href":"https:\/\/www.porlammi.fi\/museot\/index.php?rest_route=\/wp\/v2\/users\/6"}],"replies":[{"embeddable":true,"href":"https:\/\/www.porlammi.fi\/museot\/index.php?rest_route=%2Fwp%2Fv2%2Fcomments&post=18"}],"version-history":[{"count":94,"href":"https:\/\/www.porlammi.fi\/museot\/index.php?rest_route=\/wp\/v2\/pages\/18\/revisions"}],"predecessor-version":[{"id":776,"href":"https:\/\/www.porlammi.fi\/museot\/index.php?rest_route=\/wp\/v2\/pages\/18\/revisions\/776"}],"wp:attachment":[{"href":"https:\/\/www.porlammi.fi\/museot\/index.php?rest_route=%2Fwp%2Fv2%2Fmedia&parent=18"}],"curies":[{"name":"wp","href":"https:\/\/api.w.org\/{rel}","templated":true}]}}

<h2 class="wp-block-heading"><strong>TERVETULOA</strong> <strong>PORLAMMIN KOTISEUTUMUSEON 82-VUOTISJUHLAAN</strong> <strong>perjantaina 5.9.2025 klo 18 alkaen!</strong></h2>



<p>Juhlaa vietetään venetsialaisteemalla tulen ja valon tunnelmissa kotiseutumuseon alueella (Kievarintie 27, 07820 Porlammi). Illan aikana on mahdollisuus tutustua sekä Makasiinin alueen museoihin että viettää alkusyksyn iltaa musiikin parissa ystävien ja tuttavien seurassa! Myydään muurinpohjalettuja ja grillimakkaraa – käteinen ja kortti käyvät. Nokipannukahvit palan paineeksi. Valokuvaesitys, minkä lisäksi voi tutustua Porvoon museon&nbsp; näyttelyyn <em>”Rohkea, luotettava ja ahkera – hevonen itäisellä Uudellamaalla”</em></p>



<p>=================================================================</p>


<p><strong>Porlammin kotiseutumuseon kesä 2025</strong></p>
<ol>
<li><strong> Makasiinin </strong>alue, Kievarintie 27, 07820 Lapinjärvi &#8211; (yhteensä 4 rakennusta) makasiini, paja, autotalli ja vaja</li>
<li><strong> Sirénin talomuseon</strong>, Käkikoskentie 151, 07820 Lapinjärvi &#8211; (asuinrakennus ja kaksi aittaa)</li>
<li><strong> Porlammin koulumuseo, </strong>Kievarintie 2, 07820 Lapinjärvi &#8211; luokka vanhassa kansakoulussa.</li>
</ol>
<p><u><b>Museo on auki sunnuntaisin klo 13 – 15 Juhannuksesta heinäkuun loppuun mutta vain </b></u><b>Makasiinin alueella </b>(Kievarintie 27, 07820 Lapinjärvi)<b> on päivystys. Sirénin talolla ja </b><b>Koulumuseossa ei ole päivystystä, mutta niihin pääsee tutustumaan  pyynnöstä. </b><b>Lisäksi Makasiinilla on nähtävänä </b><u><b>elokuussa 3.-24. sunnuntaisin klo 13-15 </b></u><b>näyttely teemalla </b><b><i>”Rohkea, luotettava ja </i></b><b><i>ahkera – hevonen Itä-Uudellamaalla”</i></b></p>
<p><b>Kohteita näytetään myös sopimuksen mukaan,</b></p>
<p><b>Juha Kekki  040-501 9285</b></p>
<p><b><a href="http://www.porlammi.fi/museot">www.porlammi.fi/museot</a></b></p>
<p style="text-align: center;"><strong>Makasiini</strong></p>
<p><img loading="lazy" decoding="async" class="aligncenter  wp-image-511" src="https://www.porlammi.fi/museot/wp-content/uploads/2012/12/IMG_7362-1024x768.jpg" alt="" width="640" height="480" srcset="https://www.porlammi.fi/museot/wp-content/uploads/2012/12/IMG_7362-1024x768.jpg 1024w, https://www.porlammi.fi/museot/wp-content/uploads/2012/12/IMG_7362-300x225.jpg 300w, https://www.porlammi.fi/museot/wp-content/uploads/2012/12/IMG_7362-400x300.jpg 400w" sizes="auto, (max-width: 640px) 100vw, 640px" /></p>
<p>&nbsp;</p>
<p style="text-align: center;"><strong>Sirénin talomuseo</strong></p>
<p><img loading="lazy" decoding="async" class="wp-image-515  aligncenter" src="https://www.porlammi.fi/museot/wp-content/uploads/2012/12/Sirenin-talomuseo-1024x720.jpg" alt="" width="638" height="448" srcset="https://www.porlammi.fi/museot/wp-content/uploads/2012/12/Sirenin-talomuseo-1024x720.jpg 1024w, https://www.porlammi.fi/museot/wp-content/uploads/2012/12/Sirenin-talomuseo-300x211.jpg 300w, https://www.porlammi.fi/museot/wp-content/uploads/2012/12/Sirenin-talomuseo-427x300.jpg 427w" sizes="auto, (max-width: 638px) 100vw, 638px" /></p>
<p>&nbsp;</p>
<p style="text-align: center;"><strong>Koulumuseon AAPISNÄYTTELYSSÄ (</strong>Kievarintie 2.) on esillä koulumuseon vanhoja aapisia n. sadan vuoden ajalta.<img loading="lazy" decoding="async" class="aligncenter  wp-image-577" src="https://www.porlammi.fi/museot/wp-content/uploads/2018/07/koulumuseo-Lumialla-1024x576.jpg" alt="" width="639" height="360" srcset="https://www.porlammi.fi/museot/wp-content/uploads/2018/07/koulumuseo-Lumialla-1024x576.jpg 1024w, https://www.porlammi.fi/museot/wp-content/uploads/2018/07/koulumuseo-Lumialla-300x169.jpg 300w, https://www.porlammi.fi/museot/wp-content/uploads/2018/07/koulumuseo-Lumialla-768x432.jpg 768w, https://www.porlammi.fi/museot/wp-content/uploads/2018/07/koulumuseo-Lumialla-500x281.jpg 500w, https://www.porlammi.fi/museot/wp-content/uploads/2018/07/koulumuseo-Lumialla.jpg 1632w" sizes="auto, (max-width: 639px) 100vw, 639px" />Esineistöjemme ikä on jokaisessa museokokonaisuudessa on 1800-luvun alkupuolelta  1960-luvulle,  paitsi  koulumuseo, jonka kokoelmat jatkuvat 1980-luvulle asti.</p>
<p style="text-align: center;">Kun Kartanon ja Käkikosken koulut lopetettiin 1990-luvun alussa, saatiin niistä lisämateriaalia.</p>
<p>Porlammin kotiseutumuseo,<br />c/o Juha Kekki,<br />Valtakäyrä 3 A15, 11100 Riihimäki<br />Puh. 040 501 9285<br />Sähköposti: <a href="mailto:museo@porlammi.fi">museo@porlammi.fi</a></p>
<p>Vuodesta 2010 lähtien on museon kokoelmista skannattu yli 3200 valokuvaa sähköiseen muotoon. Päivitämme edelleen valokuvien taustatietoja.</p>
<p>Jos sinulla on vanhoja valokuvia Porlammilta ja niihin liittyviä tietoja, ja haluaisit lahjoittaa niitä museolle, otamme ne  mielellämme vastaan. Voit soittaa kuvistasi puh. 050 401 7966 Mervi Vuorinen , tai ottaa yhteyttä  museon osoitteeseen <a href="mailto:museo@porlammi.fi" target="_blank" rel="noopener noreferrer">museo@porlammi.fi.</a></p>
<hr />
<p><strong><span style="text-decoration: underline;">Museotoimikunta</span>: </strong>Erkki Aho, Esko Röytiö, Hannu Huvinen, Ilkka Leino, Juha Kekki, Kai Paavola, Marita Paavola, Marja Turpeinen, Mervi Vuorinen, Osmo Färlin, Pirjo Löfqvist, Ulla Onnila</p>
<p>____________________________________________________________</p>
<p><strong><span style="text-decoration: underline;">Porlammin kotiseutumuseo perustettiin 1.7.1943</span></strong>, jolloin Elli Marttila-Ahonen esitti Ns. Soihdun johtokunnankokouksessa, että Porlammille perustettaisiin kotiseutumuseo. Esitys hyväksyttiin ja saman tien päätettiin, että museon vihkiäisjuhla pidetään 25.7. samana vuonna.</p>
<figure id="attachment_202" aria-describedby="caption-attachment-202" style="width: 584px" class="wp-caption aligncenter"><a href="https://www.porlammi.fi/museot/wp-content/uploads/2012/12/369.jpg"><img loading="lazy" decoding="async" class="size-large wp-image-202" src="https://www.porlammi.fi/museot/wp-content/uploads/2012/12/369-1024x790.jpg" alt="Ensimmäisen museomme esineistöä" width="584" height="450" srcset="https://www.porlammi.fi/museot/wp-content/uploads/2012/12/369-1024x790.jpg 1024w, https://www.porlammi.fi/museot/wp-content/uploads/2012/12/369-300x231.jpg 300w, https://www.porlammi.fi/museot/wp-content/uploads/2012/12/369-388x300.jpg 388w" sizes="auto, (max-width: 584px) 100vw, 584px" /></a><figcaption id="caption-attachment-202" class="wp-caption-text">Ensimmäisen museomme esineistöä</figcaption></figure>
<p>Pohjatyötä oli kuitenkin tehty edellistalvena, jolloin oli pidetty opintokerhoa, jonka Ns. merkkisuorituksiin oli kuulunut kotiseutukeräilyä (esineitä, puumerkkejä, kangasmalleja, valokuvia ym.) Nuorisoseuramerkit jaettiin Vääksyssä, Etelä-Hämeen Nuorisoseura Liiton Maakuntajuhlissa 18.–19.6.1943. Siellä Porlammilaiset näkivät kotiseututyön näyttelyn, joka oli varsinaisesti herätteen antaja omalle museolle.</p>
<p>Parissa viikossa kerättiin eri huoppien taloista tavaroita, jotka sitten järjestettiin Eteläsuomalaisen osakunnan opastuksen turvin Soihtulan ullakolla olevaan ensimmäiseen näyttelytilaan.</p>
<p>&nbsp;</p>
<figure id="attachment_200" aria-describedby="caption-attachment-200" style="width: 584px" class="wp-caption aligncenter"><a href="https://www.porlammi.fi/museot/wp-content/uploads/2012/12/368.jpg"><img loading="lazy" decoding="async" class="size-large wp-image-200" src="https://www.porlammi.fi/museot/wp-content/uploads/2012/12/368-1024x790.jpg" alt="Soihtulan kerho- ja vahtimestarin huoneeseenrakennettiin ensimmäinen museonäyttelytila 1943" width="584" height="450" srcset="https://www.porlammi.fi/museot/wp-content/uploads/2012/12/368-1024x790.jpg 1024w, https://www.porlammi.fi/museot/wp-content/uploads/2012/12/368-300x231.jpg 300w, https://www.porlammi.fi/museot/wp-content/uploads/2012/12/368-388x300.jpg 388w" sizes="auto, (max-width: 584px) 100vw, 584px" /></a><figcaption id="caption-attachment-200" class="wp-caption-text">Soihtulan kerho- ja vahtimestarin huoneeseenrakennettiin ensimmäinen museonäyttelytila 1943</figcaption></figure>
<p>&nbsp;</p>


<p><strong>Oheisena on kotiseutumuseon esittely</strong> <strong>pdf-muodossa.</strong></p>



<figure class="wp-block-image"><a href="https://www.porlammi.fi/museot/wp-content/uploads/2023/12/Kotiseutumuseo-Esittely.pdf" target="_blank" rel="noreferrer noopener"><img loading="lazy" decoding="async" width="300" height="169" src="https://www.porlammi.fi/museot/wp-content/uploads/2019/04/Kotiseutumuseo-Esittely-300x169.jpg" alt="" class="wp-image-601" srcset="https://www.porlammi.fi/museot/wp-content/uploads/2019/04/Kotiseutumuseo-Esittely-300x169.jpg 300w, https://www.porlammi.fi/museot/wp-content/uploads/2019/04/Kotiseutumuseo-Esittely-768x432.jpg 768w, https://www.porlammi.fi/museot/wp-content/uploads/2019/04/Kotiseutumuseo-Esittely-1024x576.jpg 1024w, https://www.porlammi.fi/museot/wp-content/uploads/2019/04/Kotiseutumuseo-Esittely-500x281.jpg 500w, https://www.porlammi.fi/museot/wp-content/uploads/2019/04/Kotiseutumuseo-Esittely.jpg 1280w" sizes="auto, (max-width: 300px) 100vw, 300px" /></a></figure>

<p>TERVETULOA PORLAMMIN KOTISEUTUMUSEON 82-VUOTISJUHLAAN perjantaina 5.9.2025 klo 18 alkaen! Juhlaa vietetään venetsialaisteemalla tulen ja valon tunnelmissa kotiseutumuseon alueella (Kievarintie 27, 07820 Porlammi). Illan aikana on mahdollisuus tutustua sekä Makasiinin alueen museoihin että viettää alkusyksyn iltaa musiikin parissa ystävien ja tuttavien seurassa! Myydään muurinpohjalettuja ja grillimakkaraa – käteinen ja kortti käyvät. Nokipannukahvit palan paineeksi. Valokuvaesitys, minkä &hellip; </p>
<p class="link-more"><a href="https://www.porlammi.fi/museot/" class="more-link">Read the full post &rarr;<span class="screen-reader-text">&#8221;Etusivu&#8221;</span></a></p>
